ors of 562683826?
2, 59, 4768507
List the prime factors of 3479370941.
4153, 837797
What are the prime factors of 41360093?
19, 193, 11279
What are the prime factors of 146794366?
2, 73397183
List the prime factors of 5453219836.
2, 1363304959
List the prime factors of 27180264.
2, 3, 1132511
What are the prime factors of 806657454?
2, 3, 223, 827
What are the prime factors of 146706697?
109, 1345933
What are the prime factors of 11081931?
3, 7, 41, 61, 211
What are the prime factors of 113752795?
5, 13, 31, 56453
List the prime factors of 1918715947.
3881, 494387
What are the prime factors of 64676831?
64676831
What are the prime factors of 727114690?
2, 5, 907, 80167
List the prime factors of 2155702939.
13, 1123, 147661
What are the prime factors of 3611416597?
47, 1069, 71879
List the prime factors of 143793751.
143793751
What are the prime factors of 199458558?
2, 3, 13, 284129
List the prime factors of 2901889031.
29, 401, 249539
What are the prime factors of 466422946?
2, 11, 2069, 10247
List the prime factors of 1660477741.
13, 127729057
List the prime factors of 7975521.
3, 509, 1741
List the prime factors of 912273865.
5, 109, 1673897
List the prime factors of 254220511.
983, 258617
List the prime factors of 363258105.
3, 5, 7, 3459601
List the prime factors of 53999369.
107, 504667
List the prime factors of 32120060.
2, 5, 7, 313, 733
What are the prime factors of 623848193?
3433, 181721
What are the prime factors of 125586882?
2, 3, 571, 4073
What are the prime factors of 1412380499?
1412380499
What are the prime factors of 2188394434?
2, 41, 83, 137, 2347
List the prime factors of 291744587.
291744587
List the prime factors of 53027338.
2, 7, 13, 291359
List the prime factors of 15989849.
19, 199, 4229
What are the prime factors of 53201295?
3, 5, 7, 168893
What are the prime factors of 572513530?
2, 5, 57251353
List the prime factors of 307497782.
2, 47, 3271253
List the prime factors of 214383205.
5, 443, 96787
What are the prime factors of 4009800?
2, 3, 5, 41, 163
List the prime factors of 740769671.
23, 281, 114617
What are the prime factors of 43908718?
2, 7, 67, 46811
What are the prime factors of 51566593?
13, 17, 353, 661
List the prime factors of 1728700.
2, 5, 59, 293
List the prime factors of 2423780803.
2423780803
List the prime factors of 1901661326.
2, 43, 173, 127817
List the prime factors of 64081447.
37, 1731931
What are the prime factors of 81011778?
2, 3, 13501963
What are the prime factors of 4538786297?
149, 30461653
What are the prime factors of 1146922616?
2, 7, 67, 43669
List the prime factors of 137043455.
5, 191, 143501
What are the prime factors of 191429513?
11, 127, 137029
What are the prime factors of 45375404?
2, 89, 197, 647
What are the prime factors of 1320583741?
71, 191, 97381
What are the prime factors of 628890497?
1307, 481171
List the prime factors of 287968544.
2, 1301, 6917
List the prime factors of 248125204.
2, 62031301
What are the prime factors of 550537249?
15277, 36037
List the prime factors of 252719038.
2, 11, 13, 19, 46507
List the prime factors of 112906153.
5323, 21211
List the prime factors of 18634513.
47, 396479
What are the prime factors of 1770639893?
11, 73, 2205031
List the prime factors of 177224378.
2, 71, 1248059
List the prime factors of 337351602.
2, 3, 7, 829, 9689
List the prime factors of 5510193206.
2, 7, 3637, 108217
What are the prime factors of 379580520?
2, 3, 5, 11, 269, 1069
List the prime factors of 2765391856.
2, 172836991
List the prime factors of 27168118.
2, 53, 73, 3511
What are the prime factors of 61910057?
11, 59, 95393
List the prime factors of 815932544.
2, 7, 17, 23, 137
List the prime factors of 27499943.
521, 52783
List the prime factors of 1185115414.
2, 7, 41, 641, 3221
What are the prime factors of 2609139911?
7, 683, 545731
List the prime factors of 8263868.
2, 2065967
List the prime factors of 668389603.
7, 95484229
List the prime factors of 232693691.
23, 53, 190889
List the prime factors of 850856458.
2, 1453, 292793
What are the prime factors of 106133696?
2, 19, 87281
What are the prime factors of 6111399191?
19, 617, 521317
List the prime factors of 67839645.
3, 5, 139, 32537
What are the prime factors of 431652204?
2, 3, 11990339
What are the prime factors of 215652428?
2, 37, 1457111
What are the prime factors of 85122161?
73, 1166057
What are the prime factors of 835133872?
2, 52195867
What are the prime factors of 288745281?
3, 11, 89, 32771
What are the prime factors of 3474584750?
2, 5, 7, 13, 152729
What are the prime factors of 1614800530?
2, 5, 7, 139, 165961
List the prime factors of 5031085.
5, 1006217
List the prime factors of 78122470.
2, 5, 7812247
What are the prime factors of 120993320?
2, 5, 7, 601, 719
List the prime factors of 237853735.
5, 7, 6795821
List the prime factors of 2583126997.
11, 757, 28201
List the prime factors of 5276376373.
5276376373
List the prime factors of 1394051058.
2, 3, 3343, 23167
List the prime factors of 731740096.
2, 11433439
List the prime factors of 226727768.
2, 2377, 11923
What are the prime factors of 112237786?
2, 47, 1194019
What are the prime factors of 2306476517?
29, 331, 240283
What are the prime factors of 317327750?
2, 5, 1269311
What are the prime factors of 50026634?
2, 7, 3573331
What are the prime factors of 19706902?
2, 71, 137, 1013
What are the prime factors of 426279491?
11, 3522971
List the prime factors of 36389040.
2, 3, 5, 31, 67, 73
List the prime factors of 6330372480.
2, 3, 5, 366341
List the prime factors of 1509001276.
2, 14683, 25693
What are the prime factors of 39636307?
39636307
What are the prime factors of 2467773053?
37, 43, 1551083
List the prime factors of 457106206.
2, 607, 376529
List the prime factors of 262656901.
13, 103, 196159
List the prime factors of 121239315.
3, 5, 898069
List the prime factors of 78306535.
5, 15661307
What are the prime factors of 779285876?
2, 194821469
What are the prime factors of 262167769?
262167769
List the prime factors of 1212546721.
37, 32771533
What are the prime factors of 2973983614?
2, 7, 431, 492871
What are the prime factors of 1265650195?
5, 421, 601259
What are the prime factors of 196264947?
3, 311, 210359
What are the prime factors of 75497217?
3, 199, 126461
What are the prime factors of 132930691?
132930691
List the prime factors of 123935590.
2, 5, 12393559
List the prime factors of 291796631.
7, 41, 103, 9871
What are the prime factors of 36354421?
23, 1580627
What are the prime factors of 795748351?
313, 2542327
List the prime factors of 759178369.
759178369
What are the prime factors of 1834669793?
11, 1291, 129193
List the prime factors of 247209681.
3, 23, 3582749
What are the prime factors of 5598160309?
7, 9209, 86843
List the prime factors of 3032158564.
2, 47, 1913, 8431
List the prime factors of 8911373616.
2, 3, 17, 19, 41, 4673
What are the prime factors of 59306823?
3, 61, 4001
What are the prime factors of 4251139735?
5, 41, 89, 5683
List the prime factors of 131071742.
2, 65535871
What are the prime factors of 5216436?
2, 3, 47, 3083
List the prime factors of 3032272911.
3, 1010757637
What are the prime factors of 899685998?
2, 163, 197, 14009
What are the prime factors of 393966665?
5, 78793333
List the prime factors of 1154402330.
2, 5, 115440233
List the prime factors of 114591763.
11, 13, 801341
List the prime factors of 1027836.
2, 3, 31, 307
What are the prime factors of 51778248?
2, 3, 2157427
What are the prime factors of 82292109?
3, 27430703
What are the prime factors of 1153073179?
31, 61, 73, 8353
List the prime factors of 3010218020.
2, 5, 479, 314219
List the prime factors of 309282745.
5, 71, 211, 4129
What are the prime factors of 1101315036?
2, 3, 1619, 56687
What are the prime factors of 68705229?
3, 22901743
List the prime factors of 5024019.
3, 7, 11, 13, 239
What are the prime factors of 91947275?
5, 7, 47, 1597
What are the prime factors of 91136837?
11, 753197
What are the prime factors of 1121932769?
1121932769
List the prime factors of 116078000.
2, 5, 127, 457
List the prime factors of 30480683.
193, 157931
What are the prime factors of 795000918?
2, 3, 5827, 22739
List the prime factors of 49781601.
3, 47, 39229
What are the prime factors of 39586838?